actors of 1673633000.
2, 5, 13, 17, 7573
What are the prime factors of 160340644?
2, 1693, 23677
What are the prime factors of 6028656576?
2, 3, 71, 442243
List the prime factors of 71424384.
2, 3, 23, 8087
What are the prime factors of 31121841?
3, 10373947
What are the prime factors of 1130202682?
2, 7, 373, 216431
What are the prime factors of 198003275?
5, 19, 416849
List the prime factors of 70958243.
23, 1319, 2339
List the prime factors of 31867501.
433, 73597
What are the prime factors of 908073512?
2, 67, 1694167
List the prime factors of 326490840.
2, 3, 5, 13, 69763
List the prime factors of 317713363.
11, 461, 62653
What are the prime factors of 98816097?
3, 547, 60217
List the prime factors of 41461463.
379, 109397
List the prime factors of 533070952.
2, 66633869
List the prime factors of 17875290.
2, 3, 5, 595843
What are the prime factors of 47902472?
2, 2447
What are the prime factors of 1039500520?
2, 5, 1021, 25453
List the prime factors of 109228064.
2, 11, 61, 5087
What are the prime factors of 4062335064?
2, 3, 12539, 13499
What are the prime factors of 2631989081?
2631989081
What are the prime factors of 269461529?
433, 622313
List the prime factors of 34567948.
2, 8641987
List the prime factors of 4985494.
2, 2492747
List the prime factors of 306045610.
2, 5, 13, 2354197
What are the prime factors of 749197667?
17, 44070451
What are the prime factors of 62357652?
2, 3, 7, 247451
List the prime factors of 516355560.
2, 3, 5, 7, 7589
What are the prime factors of 3211321601?
3211321601
List the prime factors of 772873129.
7, 449, 35129
List the prime factors of 6707855883.
3, 149, 15006389
What are the prime factors of 309208054?
2, 79, 1957013
What are the prime factors of 47465134?
2, 659, 36013
What are the prime factors of 1049207755?
5, 2141, 98011
List the prime factors of 862751538.
2, 3, 11, 36011
What are the prime factors of 355851914?
2, 11, 31, 521777
What are the prime factors of 58346072?
2, 1861, 3919
What are the prime factors of 6081916891?
19, 811, 394699
List the prime factors of 89247292.
2, 22311823
List the prime factors of 28927493.
7, 590357
List the prime factors of 35760811.
35760811
What are the prime factors of 130012726?
2, 137, 474499
What are the prime factors of 673072945?
5, 359, 569, 659
List the prime factors of 23453628.
2, 3, 11, 177679
List the prime factors of 503160388.
2, 151, 833047
What are the prime factors of 185610915?
3, 5, 7, 589241
List the prime factors of 2821687721.
2821687721
What are the prime factors of 61826008?
2, 17, 454603
List the prime factors of 1637774590.
2, 5, 101, 1621559
What are the prime factors of 1151617135?
5, 4721, 48787
What are the prime factors of 754287110?
2, 5, 17, 260999
List the prime factors of 21868535.
5, 13, 401, 839
What are the prime factors of 394855438?
2, 163, 947, 1279
List the prime factors of 727771376.
2, 31, 1467281
List the prime factors of 314277225.
3, 5, 31, 135173
What are the prime factors of 7510722011?
13, 1657, 348671
List the prime factors of 407726223.
3, 281, 433, 1117
What are the prime factors of 383115456?
2, 3, 665131
List the prime factors of 107080192.
2, 41, 5101
List the prime factors of 31077765.
3, 5, 71, 137
List the prime factors of 323449740.
2, 3, 5, 598981
List the prime factors of 1671026558.
2, 61, 13696939
List the prime factors of 41634752.
2, 650543
List the prime factors of 191333606.
2, 17, 331027
What are the prime factors of 3894949765?
5, 7, 111284279
List the prime factors of 229935382.
2, 114967691
What are the prime factors of 1735178185?
5, 13, 17, 131, 11987
What are the prime factors of 4272226535?
5, 5503, 155269
List the prime factors of 146534819.
59, 2483641
What are the prime factors of 209713899?
3, 857, 81569
What are the prime factors of 1435462872?
2, 3, 59810953
What are the prime factors of 3387146308?
2, 7, 13, 937, 9931
What are the prime factors of 5609673?
3, 29, 21493
What are the prime factors of 1121484?
2, 3, 7, 13, 79
What are the prime factors of 1500619934?
2, 11, 43, 131, 12109
List the prime factors of 400459315.
5, 80091863
List the prime factors of 591231510.
2, 3, 5, 37, 43, 4129
What are the prime factors of 1885448747?
7, 13, 20719217
What are the prime factors of 70616835?
3, 5, 1569263
List the prime factors of 162941332.
2, 31, 1314043
What are the prime factors of 42404210?
2, 5, 4240421
List the prime factors of 120983083.
13, 149, 62459
What are the prime factors of 113563210?
2, 5, 11356321
What are the prime factors of 327485063?
23, 14238481
What are the prime factors of 347676860?
2, 5, 17, 47, 21757
List the prime factors of 210103136.
2, 17, 386219
List the prime factors of 1172786482.
2, 7, 31, 386039
What are the prime factors of 107609441?
7489, 14369
What are the prime factors of 33442689?
3, 7, 17, 113, 829
List the prime factors of 24285924.
2, 3, 13, 51893
What are the prime factors of 77450003?
77450003
What are the prime factors of 7108497255?
3, 5, 29, 1381, 11833
List the prime factors of 298060358.
2, 23, 389, 16657
List the prime factors of 213599114.
2, 23, 31, 47, 3187
What are the prime factors of 1859415479?
971, 1914949
What are the prime factors of 51912256?
2, 11, 19, 3881
What are the prime factors of 40727784?
2, 3, 17, 99823
List the prime factors of 53564376.
2, 3, 2231849
List the prime factors of 96796514.
2, 37, 35353
List the prime factors of 927635282.
2, 7, 163, 406501
What are the prime factors of 3232573998?
2, 3, 538762333
What are the prime factors of 582013098?
2, 3, 83, 389567
What are the prime factors of 18534489?
3, 967, 6389
What are the prime factors of 231502244?
2, 29, 1995709
What are the prime factors of 288546254?
2, 43, 47, 71387
List the prime factors of 135330127.
37, 3657571
What are the prime factors of 276147741?
3, 4919, 18713
What are the prime factors of 306374176?
2, 9574193
What are the prime factors of 97076518?
2, 7, 11, 739, 853
What are the prime factors of 758030442?
2, 3, 13, 17, 113, 5059
List the prime factors of 2334284189.
641, 3641629
What are the prime factors of 8681409008?
2, 542588063
List the prime factors of 3448642.
2, 1724321
List the prime factors of 941938061.
11273, 83557
List the prime factors of 19264505.
5, 13, 296377
What are the prime factors of 289456849?
11, 19, 1384961
What are the prime factors of 537503923?
11, 48863993
What are the prime factors of 65685691?
65685691
What are the prime factors of 187616061?
3, 31, 224153
What are the prime factors of 97966527?
3, 19, 1718711
List the prime factors of 4020088416.
2, 3, 41875921
What are the prime factors of 137491114?
2, 631, 108947
List the prime factors of 247450814.
2, 13, 191, 3833
List the prime factors of 122911306.
2, 7, 139, 1289
List the prime factors of 616685666.
2, 31, 1487, 6689
List the prime factors of 1179710888.
2, 53, 2782337
List the prime factors of 126342195.
3, 5, 7, 53, 73, 311
What are the prime factors of 7167264302?
2, 11, 37, 8804993
What are the prime factors of 43854106?
2, 21927053
What are the prime factors of 14145089?
7, 2020727
What are the prime factors of 3696417149?
19, 194548271
What are the prime factors of 655168863?
3, 59, 241, 15359
List the prime factors of 1351326714.
2, 3, 641, 351359
What are the prime factors of 394703834?
2, 7, 19, 67, 22147
What are the prime factors of 67712539?
347, 195137
What are the prime factors of 3291662580?
2, 3, 5, 54861043
List the prime factors of 49740302.
2, 73, 340687
List the prime factors of 143731166.
2, 2083, 34501
What are the prime factors of 3175354267?
97, 1823, 17957
List the prime factors of 137018841.
3, 4337, 10531
What are the prime factors of 448072264?
2, 17, 31, 106279
List the prime factors of 77411047.
7, 17, 211, 3083
List the prime factors of 5267758181.
7, 8269, 13001
What are the prime factors of 876229965?
3, 5, 13, 23, 65123
What are the prime factors of 2301256963?
823, 2796181
What are the prime factors of 128927113?
7, 18418159
List the prime factors of 263506029.
3, 97, 337, 2687
What are the prime factors of 893102578?
2, 3559, 125471
List the prime factors of 583891433.
71, 631, 13033
List the prime factors of 34993112.
2, 7, 11, 56807
What are the prime factors of 666316687?
347, 1920221
What ar